What are the prime factors of a?
2, 3, 11, 19
Let d(h) = 12*h**2 + 10*h - 7. Let o be d(6). Suppose -32*u + 859 = -1038 - 1143. Suppose u = 4*q - o. List the prime factors of q.
5, 29
Let a(b) = 24*b**3 + 42*b**2 - 169*b - 34. What are the prime factors of a(11)?
3, 7, 239
Let x(z) be the second derivative of 56*z**3/3 - 39*z**2/2 + 6*z - 5. What are the prime factors of x(6)?
3, 211
Suppose 0 = -103*p - 157*p + 27*p + 2184375. List the prime factors of p.
3, 5
Let t be (1 - 10)/(2/(-108)*1). Suppose -2*q + 2*b = -0*b - t, 0 = 5*q + 4*b - 1206. What are the prime factors of q?
2, 11
Suppose 20*v - 31*v - 7150 + 51612 = 0. What are the prime factors of v?
2, 43, 47
Suppose -11*l = 229603 + 354871. What are the prime factors of (l/93)/(4/(-6))?
857
Suppose -3 = -12*w - 3. Let l be 1 - -1 - (-218 + w). What are the prime factors of (4 - l/(-4))*(-1 + 2)?
59
Let l(c) = -14*c**2 - 37*c - 227. Let k(s) = 5*s**2 + 12*s + 76. Let h(w) = -8*k(w) - 3*l(w). What are the prime factors of h(-19)?
2, 3, 5, 17
Let g = -13278 - -20599. List the prime factors of g.
7321
Let z = -600 - 2658. Let r = z - -4807. What are the prime factors of r?
1549
Let h be 3*(-1491)/7 - -6. Let o = -443 - h. List the prime factors of o.
2, 5, 19
Suppose 3651617 = 255*i - 5878486 - 1432857. What are the prime factors of i?
2, 2687
List the prime factors of (-1 - 3)*1243671/(-338).
2, 3, 11, 223
Let d = -783 + 770. Let s(z) = -127*z - 264. What are the prime factors of s(d)?
19, 73
Let w(g) = -g**3 - g**2. Let j(o) = -5*o**3 - 82 - 16*o - 25*o**2 + 74 + 8*o**2. Let x(u) = -j(u) + 6*w(u). List the prime factors of x(12).
2, 7
Let x(k) = 144*k**3 - 11*k**2 - k + 109. What are the prime factors of x(6)?
11, 2801
Let f = -21589 - -41288. What are the prime factors of f?
19699
Let n = -23 - -16. Let v(h) = -h**3 - 5*h**2 + 8*h + 1. Let m be v(n). Suppose -l - 25 = -2*l - 4*c, c - m = -2*l. What are the prime factors of l?
3, 7
Suppose 51*q = 44*q + 103061 + 98329. List the prime factors of q.
2, 3, 5, 7, 137
What are the prime factors of (-18 + 516/18)*(-33651)/(-12)?
2, 3739
Suppose 0 = -11*z + 5*j + 872393, 5*z + 14293 - 410837 = 4*j. What are the prime factors of z?
2, 3, 2203
Suppose 2*s + 10*s = 1296. Let o(h) = h**3 - 8*h**2 - 2*h + 11. Let t be o(12). Suppose 3*n - t = -4*r + s, -840 = -5*r - 5*n. List the prime factors of r.
167
Let g = 564 - 98. Suppose -g = -3*t - 31. Let j = t - 46. What are the prime factors of j?
3, 11
Let i(c) = 1702*c**2 + 63*c - 178. What are the prime factors of i(3)?
15329
Suppose -4*f - 3*f = 0. Suppose f = -5*d - 4*d + 198. Let z = d + -18. List the prime factors of z.
2
Suppose -5*v + 12358 = -s, 4*s - 4325 = -2*v + 627. What are the prime factors of v/24 + (4 - 2)?
3, 5, 7
Let b(c) = 27*c - 63*c + 22*c + 1 - 72. Let o(j) = -14*j - 69. Let n(g) = -2*b(g) + 3*o(g). What are the prime factors of n(-13)?
3, 13
Suppose 4*z - 20 = 2*z + 128. What are the prime factors of z?
2, 37
Let a(o) = -o**2 - 56*o - 7. Suppose -30*v - 314 - 436 = 0. What are the prime factors of a(v)?
2, 3
Let v = 0 + 1. Suppose v - 19 = -6*g. What are the prime factors of 268/8*6/g?
67
Let m(a) = -1531 - 1488 + 6120 - 15*a - 1551 - 1482. Suppose 2*r - 1 - 3 = 0, -2*r = 4*b + 48. List the prime factors of m(b).
263
Let m(k) = 30*k**2 - 9*k - 23. Let t be m(-7). Suppose -4*d + t = 398. Let b = d + -95. List the prime factors of b.
3, 61
Let y be -22 + 10 + -6 + 0. What are the prime factors of (((-9438)/y)/11)/((-2)/(-18))?
3, 11, 13
Let g = 1100 - 453. Suppose -7*m - g = -1956. List the prime factors of m.
11, 17
Suppose 0 = -g + 3*q + 270, -4*g - 3*q = -46 - 1109. List the prime factors of g.
3, 5, 19
Suppose 3*m = -0 - 6, -4*q + 72 = 4*m. Let s(o) = o**3 - 20*o**2 + 19*o - 89. List the prime factors of s(q).
3, 97
Let t = 3071 + 1781. List the prime factors of t.
2, 1213
Let n be ((-2)/2)/((-6)/12). Suppose -19*j + 15*j + 4*i = -1820, 0 = 3*j + n*i - 1390. What are the prime factors of j?
2, 5, 23
Let d(p) = 3*p + 75 - 8 + 4*p**2 + 2*p**2. List the prime factors of d(9).
2, 5, 29
Suppose 28960 - 4988 = 13*v. What are the prime factors of v?
2, 461
Let r be 615951/(-27)*1/(-7). Suppose 11*z - 657 = -h + 9*z, -5*h + 3*z + r = 0. List the prime factors of h.
653
Suppose -18*g + 21*g - 7743 = 0. Suppose g = 3*x + 958. List the prime factors of x.
541
Let h(w) = 119*w**3 - 19*w**2 + 39*w - 28. List the prime factors of h(6).
2, 12613
Let r = 52076 + -15627. What are the prime factors of r?
7, 41, 127
What are the prime factors of (280/(-28) + 1298/(-3))/((-5)/180)?
2, 3, 83
Suppose 5*n = -4*h + 107300, 71*n - 70*n + 3*h = 21449. List the prime factors of n.
2, 2683
Suppose 4*v - 3*j = 70504, 13*v + 3*j = 9*v + 70552. What are the prime factors of v?
2, 19, 29
Let g(v) = -v**3 + 52*v**2 - 73*v - 294. What are the prime factors of g(47)?
2, 3, 5, 61
Suppose -3*u + 504780 = 39*u + 18*u. List the prime factors of u.
47, 179
Let g = -188 + 190. Suppose 15*a - 16*a = 4*c - 27, -4*a = -g*c - 162. What are the prime factors of a?
3, 13
Let j = 12302 + -4172. What are the prime factors of j?
2, 3, 5, 271
Suppose 5*d - 5564 = -c, 9*c + 5562 = 10*c + 4*d. List the prime factors of c.
2, 2777
Suppose -18*t - 168 = 10*t. What are the prime factors of (-2 - (-68)/t)*270/(-20)?
2, 3, 5
Let b be (3/(-24) + (-339)/(-24))*-18. List the prime factors of -2*b/(-20)*(-4 - 1).
2, 3, 7
Let r(z) = -z**2 + 15*z + 105. Let t be r(16). Suppose t*p - 88*p - 1500 = 0. List the prime factors of p.
2, 3, 5
Let c be (-8)/6*13869/6*-1. Suppose 2*r + 0*r - 4 = 0, c = 5*w - 4*r. What are the prime factors of w?
2, 3, 103
Let u(k) = 2*k**2 - 12*k - 6. Suppose 4*w - 80 = -w + 4*y, -2*y = -10. List the prime factors of u(w).
2, 277
Let k(v) = -v**2 + v - 1. Let m = -14 + 24. Let l(g) = -11*g**2 + 6*g - 6. Let d(t) = m*k(t) - 2*l(t). List the prime factors of d(1).
2, 3
Suppose -4*z - 2*w = -13234, z + 2*w = 6*z - 16538. Suppose z = 23*n - 11964. List the prime factors of n.
2, 83
Let f(i) = -498*i - 221. What are the prime factors of f(-16)?
61, 127
Let r(n) = -4*n**3 + n + 7. Let f(d) = 4*d**3 + d**2 + d - 8. Let g(x) = -4*f(x) - 3*r(x). What are the prime factors of g(-7)?
2, 3, 103
Let k(m) = 1097*m**2 - 18*m + 3. Let p be k(-3). Suppose 9*j + 2982 = p. What are the prime factors of j?
2, 193
Let l(k) = 5*k**2 - 28*k - 96. List the prime factors of l(-34).
2, 3, 7, 79
Let x(y) = 39*y - 7. Let z be x(2). Let u = 73 - z. Suppose -4*p + u*p + 254 = 0. List the prime factors of p.
127
Let l(i) = -117*i - 505. Let o be l(-7). Suppose k - 7 = 1. Suppose 0 = k*u - o - 990. What are the prime factors of u?
163
Suppose 140249 = 29*b + 12*b - 183979. List the prime factors of b.
2, 3, 659
Let t(f) = -f**3 + 7*f**2 - 16*f - 400. List the prime factors of t(-19).
2, 5, 929
Let a be (-1)/3 - 1/(-3). Let u(w) = 1275*w + 2*w**2 + 277 - 2554*w - w**2 + 1275*w. List the prime factors of u(a).
277
Suppose 34*y + 13539 = 3*a + 37*y, -2*a - 5*y = -9023. List the prime factors of a.
2, 37, 61
Suppose 2*o = 5*p - 12 + 4, -4*p - o = -9. Let x(f) = 353*f + 4. What are the prime factors of x(p)?
2, 5, 71
Suppose -5*r - 25 = 0, 8*r + 234 = -4*z + 10*r. Suppose -4*y - k - 477 = 0, 4*k + 103 + 365 = -4*y. Let j = z - y. What are the prime factors of j?
59
Let g(x) = -14*x**3 + 11*x**2 - 32*x + 55. What are the prime factors of g(-14)?
5, 31, 53
Let z(w) = -2*w**2 - 20*w - 5. Let n be z(4). Let h = n + 379. List the prime factors of h.
2, 131
Suppose -51*w + 48*w = 552. Let c = 87 - w. List the prime factors of c.
271
Suppose 0 = v + 3*v - 2*y - 466, 203 = 2*v + 5*y. Suppose -k + v = -264. List the prime factors of k.
2, 3, 7
Suppose -2*l - 2 = -q, 6 - 1 = q - 3*l. List the prime factors of (1828/(-10))/(44/(-10) - q).
457
Let n = -126 + 147. Suppose 0 = n*k + k - 2926. What are the prime factors of k?
7, 19
Let i = -7675 - -13498. List the prime factors of i.
3, 647
Suppose i - 5 = -d, -3*d = 1 - 4. What are the prime factors of 227/i + 37/4 + -9?
3, 19
Suppose 0 = -3*y + 5*n + 4614, 14*y + 1540 = 15*y - 2*n. What are the prime factors of y?
2, 191
Let f = 28123 + -18983. What are the prime factors of f?
2, 5, 457
Let d = -20 - -22. Let q(g) = -97*g**3 - 5*g**2 - 3*g + 1. Let h(o) = 49*o**3 + 2*o**2 + o. Let s(k) = d*q(k) + 5*h(k). List th